{"version":"1.0","provider_name":"D\u016fm \u0160t\u011bp\u00e1nka Netolick\u00e9ho","provider_url":"https:\/\/www.dumstepankanetolickeho.cz\/en\/","title":"P\u0159edn\u00e1\u0161ka Zanikl\u00e1 s\u00eddla na T\u0159ebo\u0148sku po roce 1945 | D\u016fm \u0160t\u011bp\u00e1nka Netolick\u00e9ho","type":"rich","width":600,"height":338,"html":"<blockquote class=\"wp-embedded-content\"><a href=\"https:\/\/www.dumstepankanetolickeho.cz\/en\/akce\/prednaska-zanikla-sidla-na-trebonsku-po-roce-1945\/\">P\u0159edn\u00e1\u0161ka Zanikl\u00e1 s\u00eddla na T\u0159ebo\u0148sku po&nbsp;roce 1945<\/a><\/blockquote>\n<script type='text\/javascript'>\n<!--\/\/--><![CDATA[\/\/><!--\n\t\t\/*! This file is auto-generated *\/\n\t\t!function(d,l){\"use strict\";var e=!1,n=!1;if(l.querySelector)if(d.addEventListener)e=!0;if(d.wp=d.wp||{},!d.wp.receiveEmbedMessage)if(d.wp.receiveEmbedMessage=function(e){var t=e.data;if(t)if(t.secret||t.message||t.value)if(!\/[^a-zA-Z0-9]\/.test(t.secret)){for(var r,i,a,s=l.querySelectorAll('iframe[data-secret=\"'+t.secret+'\"]'),n=l.querySelectorAll('blockquote[data-secret=\"'+t.secret+'\"]'),o=new RegExp(\"^https?:$\",\"i\"),c=0;c<n.length;c++)n[c].style.display=\"none\";for(c=0;c<s.length;c++)if(r=s[c],e.source===r.contentWindow){if(r.removeAttribute(\"style\"),\"height\"===t.message){if(1e3<(a=parseInt(t.value,10)))a=1e3;else if(~~a<200)a=200;r.height=a}if(\"link\"===t.message)if(i=l.createElement(\"a\"),a=l.createElement(\"a\"),i.href=r.getAttribute(\"src\"),a.href=t.value,o.test(a.protocol))if(a.host===i.host)if(l.activeElement===r)d.top.location.href=t.value}}},e)d.addEventListener(\"message\",d.wp.receiveEmbedMessage,!1),l.addEventListener(\"DOMContentLoaded\",t,!1),d.addEventListener(\"load\",t,!1);function t(){if(!n){n=!0;for(var e,t,r=-1!==navigator.appVersion.indexOf(\"MSIE 10\"),i=!!navigator.userAgent.match(\/Trident.*rv:11\\.\/),a=l.querySelectorAll(\"iframe.wp-embedded-content\"),s=0;s<a.length;s++){if(!(e=a[s]).getAttribute(\"data-secret\"))t=Math.random().toString(36).substr(2,10),e.src+=\"#?secret=\"+t,e.setAttribute(\"data-secret\",t);if(r||i)(t=e.cloneNode(!0)).removeAttribute(\"security\"),e.parentNode.replaceChild(t,e)}}}}(window,document);\n\/\/--><!]]>\n<\/script><iframe sandbox=\"allow-scripts\" security=\"restricted\" src=\"https:\/\/www.dumstepankanetolickeho.cz\/en\/akce\/prednaska-zanikla-sidla-na-trebonsku-po-roce-1945\/embed\/\" width=\"600\" height=\"338\" title=\"&#8220;P\u0159edn\u00e1\u0161ka Zanikl\u00e1 s\u00eddla na T\u0159ebo\u0148sku po&nbsp;roce 1945&#8221; &#8212; D\u016fm \u0160t\u011bp\u00e1nka Netolick\u00e9ho\" frameborder=\"0\" marginwidth=\"0\" marginheight=\"0\" scrolling=\"no\" class=\"wp-embedded-content\"><\/iframe>","thumbnail_url":"https:\/\/www.dumstepankanetolickeho.cz\/wp-content\/uploads\/2025\/10\/V.Bednar_Zanikla-sidla-po-II.-svetove-valce-letak-page-001-scaled.jpg","thumbnail_width":1811,"thumbnail_height":2560,"description":"D\u016fm \u0160t\u011bp\u00e1nka Netolick\u00e9ho V\u00e1s zve na poutavou p\u0159edn\u00e1\u0161ku \u201eZanikl\u00e1 s\u00eddla na T\u0159ebo\u0148sku po&nbsp;II. Sv\u011btov\u00e9 v\u00e1lce. P\u0159edn\u00e1\u0161ej\u00edc\u00ed Vladim\u00edr Bedn\u00e1\u0159 v\u00e1s provede fascinuj\u00edc\u00edm v\u00fdvojem mapov\u00e1n\u00ed \u010desk\u00e9ho pohrani\u010d\u00ed \u2013 od poloviny 18.&nbsp;stolet\u00ed a\u017e po&nbsp;sou\u010dasnost. Na p\u0159\u00edkladech n\u011bkolika zanikl\u00fdch s\u00eddel v&nbsp;bl\u00edzkosti hranice s&nbsp;Rakouskem odhal\u00ed, jak se krajina m\u011bnila nejen v&nbsp;map\u00e1ch, ale i&nbsp;v&nbsp;re\u00e1ln\u00e9m \u017eivot\u011b. T\u011b\u0161it se m\u016f\u017eete na unik\u00e1tn\u00ed historick\u00e9 [&hellip;]"}

Dům Štěpánka Netolického

Přednáška Zaniklá sídla na Třeboňsku po roce 1945 | Dům Štěpánka Netolického

<blockquote class="wp-embedded-content"><a href="https://www.dumstepankanetolickeho.cz/en/akce/prednaska-zanikla-sidla-na-trebonsku-po-roce-1945/">Přednáška Zaniklá sídla na Třeboňsku po&nbsp;roce 1945</a></blockquote>
<script type='text/javascript'>
<!--//--><![CDATA[//><!--
		/*! This file is auto-generated */
		!function(d,l){"use strict";var e=!1,n=!1;if(l.querySelector)if(d.addEventListener)e=!0;if(d.wp=d.wp||{},!d.wp.receiveEmbedMessage)if(d.wp.receiveEmbedMessage=function(e){var t=e.data;if(t)if(t.secret||t.message||t.value)if(!/[^a-zA-Z0-9]/.test(t.secret)){for(var r,i,a,s=l.querySelectorAll('iframe[data-secret="'+t.secret+'"]'),n=l.querySelectorAll('blockquote[data-secret="'+t.secret+'"]'),o=new RegExp("^https?:$","i"),c=0;c<n.length;c++)n[c].style.display="none";for(c=0;c<s.length;c++)if(r=s[c],e.source===r.contentWindow){if(r.removeAttribute("style"),"height"===t.message){if(1e3<(a=parseInt(t.value,10)))a=1e3;else if(~~a<200)a=200;r.height=a}if("link"===t.message)if(i=l.createElement("a"),a=l.createElement("a"),i.href=r.getAttribute("src"),a.href=t.value,o.test(a.protocol))if(a.host===i.host)if(l.activeElement===r)d.top.location.href=t.value}}},e)d.addEventListener("message",d.wp.receiveEmbedMessage,!1),l.addEventListener("DOMContentLoaded",t,!1),d.addEventListener("load",t,!1);function t(){if(!n){n=!0;for(var e,t,r=-1!==navigator.appVersion.indexOf("MSIE 10"),i=!!navigator.userAgent.match(/Trident.*rv:11\./),a=l.querySelectorAll("iframe.wp-embedded-content"),s=0;s<a.length;s++){if(!(e=a[s]).getAttribute("data-secret"))t=Math.random().toString(36).substr(2,10),e.src+="#?secret="+t,e.setAttribute("data-secret",t);if(r||i)(t=e.cloneNode(!0)).removeAttribute("security"),e.parentNode.replaceChild(t,e)}}}}(window,document);
//--><!]]>
</script><iframe sandbox="allow-scripts" security="restricted" src="https://www.dumstepankanetolickeho.cz/en/akce/prednaska-zanikla-sidla-na-trebonsku-po-roce-1945/embed/" width="600" height="338" title="&#8220;Přednáška Zaniklá sídla na Třeboňsku po&nbsp;roce 1945&#8221; &#8212; Dům Štěpánka Netolického" frameborder="0" marginwidth="0" marginheight="0" scrolling="no" class="wp-embedded-content"></iframe>

Dům Štěpánka Netolického Vás zve na poutavou přednášku „Zaniklá sídla na Třeboňsku po&nbsp;II. Světové válce. Přednášející Vladimír Bednář vás provede fascinujícím vývojem mapování českého pohraničí – od poloviny 18.&nbsp;století až po&nbsp;současnost. Na příkladech několika zaniklých sídel v&nbsp;blízkosti hranice s&nbsp;Rakouskem odhalí, jak se krajina měnila nejen v&nbsp;mapách, ale i&nbsp;v&nbsp;reálném životě. Těšit se můžete na unikátní historické [&hellip;]
