{"id":2883,"date":"2017-09-04T13:18:15","date_gmt":"2017-09-04T11:18:15","guid":{"rendered":"http:\/\/www.dumstepankanetolickeho.cz\/stala-expozice\/"},"modified":"2020-12-15T16:49:43","modified_gmt":"2020-12-15T15:49:43","slug":"staendige-exposition","status":"publish","type":"page","link":"https:\/\/www.dumstepankanetolickeho.cz\/de\/staendige-exposition\/","title":{"rendered":"St\u00e4ndige Exposition"},"content":{"rendered":"<h2><strong>\u0160t\u011bp\u00e1nek-Netolick\u00fd-Haus<\/strong><\/h2>\n<p><iframe title=\"D\u016fm \u0160t\u011bp\u00e1nka Netolick\u00e9ho v T\u0159eboni\" width=\"500\" height=\"281\" src=\"https:\/\/www.youtube.com\/embed\/a5lvbVSXCX4?feature=oembed\" frameborder=\"0\" allow=\"accelerometer; autoplay; clipboard-write; encrypted-media; gyroscope; picture-in-picture\" allowfullscreen><\/iframe><\/p>\n<p>Das \u0160t\u011bp\u00e1nek-Netolick\u00fd-Haus befindet sich im historischen Stadtkern von T\u0159ebo\u0148 und z\u00e4hlt zu den au\u00dferordentlichen Beispielen der nicht nur in der Stadt, sondern in der gesamten Region erhalten gebliebenen Renaissance-Architektur. Im Laufe der Jahrhunderte wurden zahlreihe Ver\u00e4nderungen vorgenommen, seine Renaissance-Gestaltung erhielt dieses Haus in der ersten H\u00e4lfte des 16. Jahrhunderts, zur Zeit des Wirtschaftsaufschwungs, als hier der bekannteste Besitzer &#8211; \u0160t\u011bp\u00e1nek Netolick\u00fd \u2013 wohnte.<\/p>\n<p>2015 erlebte das \u0160t\u011bp\u00e1nek-Netolick\u00fd-Haus eine umfangreiche Rekonstruktion und dient heute als Sitz des Zentrums des T\u0159ebo\u0148er Teich- und Fischereiwirtschaftserbes mit der der Teichwirtschaft und insbesondere der Pers\u00f6nlichkeit und dem Werk von \u0160t\u011bp\u00e1nek Netolick\u00fd gewidmeten st\u00e4ndigen interaktiven Exposition. Das Haus bietet auch einzigartige Galerier\u00e4ume, hier werden Vortr\u00e4ge gehalten und finden Workshops und verschiedene Kulturveranstaltungen statt.<\/p>\n<p><strong><img loading=\"lazy\" class=\"img-responsive alignnone wp-image-109 size-full\" src=\"http:\/\/dumstepankanetolickeho.cz\/wp-content\/uploads\/2017\/09\/dum-3.jpg\" alt=\"\" width=\"1920\" height=\"350\" srcset=\"https:\/\/www.dumstepankanetolickeho.cz\/wp-content\/uploads\/2017\/09\/dum-3.jpg 1920w, https:\/\/www.dumstepankanetolickeho.cz\/wp-content\/uploads\/2017\/09\/dum-3-300x55.jpg 300w, https:\/\/www.dumstepankanetolickeho.cz\/wp-content\/uploads\/2017\/09\/dum-3-768x140.jpg 768w, https:\/\/www.dumstepankanetolickeho.cz\/wp-content\/uploads\/2017\/09\/dum-3-1024x187.jpg 1024w\" sizes=\"(max-width: 1920px) 100vw, 1920px\" \/>\u00a0<\/strong><\/p>\n<h2>\u0160t\u011bp\u00e1nek Netolick\u00fd<\/h2>\n<p>Der ber\u00fchmte Fischteichbauer und Bauherr \u0160t\u011bp\u00e1nek Netolick\u00fd erwarb das Haus 1522 durch Eheschlie\u00dfung mit der Witwe des T\u0159ebo\u0148er Schreibers Dorota Luk\u0161ov\u00e1. Er war eine der beiden f\u00fchrenden Pers\u00f6nlichkeiten, die dank ihres gro\u00dfartigen Fischereiwerkes der T\u0159ebo\u0148er Landschaft ihre charakteristische Gestalt verliehen haben. \u0160t\u011bp\u00e1nek wurde im s\u00fcdb\u00f6hmischen Netolice wahrscheinlich um 1460 als Sohn einer Untertanenfamilie geboren. \u00dcber seine Jugend und Bildung ist bis heute wenig bekannt, wir wissen jedoch, dass er bereits gegen Ende des 15. Jahrhunderts am Entstehen der goldenen Teichwirtschafts\u00e4ra mitwirkte. Damals war \u0160t\u011bp\u00e1nek bei der herrschenden Familie Rosenberg zu Diensten und hatte bereits erfolgreich die ersten Teiche angelegt. Und so ist es kaum verwunderlich, dass er recht bald zum \u201eFischmeister\u201c wurde \u2013 er k\u00fcmmerte sich nicht nur um den Bau neuer Teiche, sondern auch um die Fischzucht.<\/p>\n<p><img loading=\"lazy\" class=\"img-responsive alignnone wp-image-103 size-full\" src=\"http:\/\/dumstepankanetolickeho.cz\/wp-content\/uploads\/2017\/09\/zlata-stoka.jpg\" alt=\"\" width=\"1920\" height=\"350\" srcset=\"https:\/\/www.dumstepankanetolickeho.cz\/wp-content\/uploads\/2017\/09\/zlata-stoka.jpg 1920w, https:\/\/www.dumstepankanetolickeho.cz\/wp-content\/uploads\/2017\/09\/zlata-stoka-300x55.jpg 300w, https:\/\/www.dumstepankanetolickeho.cz\/wp-content\/uploads\/2017\/09\/zlata-stoka-768x140.jpg 768w, https:\/\/www.dumstepankanetolickeho.cz\/wp-content\/uploads\/2017\/09\/zlata-stoka-1024x187.jpg 1024w\" sizes=\"(max-width: 1920px) 100vw, 1920px\" \/><\/p>\n<h2>Der geniale Goldbach<\/h2>\n<p>Im Laufe seines Lebens gr\u00fcndete er sieben gr\u00f6\u00dfere und mehr als vierzig kleinere Teiche. Sein bekanntestes Werk bleibt auch weiterhin der Goldbach, mit dessen Bau er Anfang des 16. Jahrhunderts begonnen hat. Dieser mehr als 45 km lange \u201eGraben\u201c (\u201estr\u00faha\u201c wie der Goldbach urspr\u00fcnglich hie\u00df), verbindet die Teiche des T\u0159ebo\u0148er Systems und speist sie mit frischem Wasser. Der Goldbach beweist \u0160t\u011bp\u00e1neks Meisterhaftigkeit, denn das durchschnittliche Gef\u00e4lle des Goldbachs betr\u00e4gt etwa 33 cm pro Kilometer und ist an einigen Stellen sogar geringer als 10 cm pro Kilometer &#8211; dadurch kommt oft der Eindruck zustande, als w\u00fcrde das Wasser in die entgegengesetzte Richtung flie\u00dfen.<\/p>\n<h2><img loading=\"lazy\" class=\"img-responsive alignnone wp-image-106 size-full\" src=\"http:\/\/dumstepankanetolickeho.cz\/wp-content\/uploads\/2017\/09\/stepanek-netolicky.jpg\" alt=\"\" width=\"1920\" height=\"350\" srcset=\"https:\/\/www.dumstepankanetolickeho.cz\/wp-content\/uploads\/2017\/09\/stepanek-netolicky.jpg 1920w, https:\/\/www.dumstepankanetolickeho.cz\/wp-content\/uploads\/2017\/09\/stepanek-netolicky-300x55.jpg 300w, https:\/\/www.dumstepankanetolickeho.cz\/wp-content\/uploads\/2017\/09\/stepanek-netolicky-768x140.jpg 768w, https:\/\/www.dumstepankanetolickeho.cz\/wp-content\/uploads\/2017\/09\/stepanek-netolicky-1024x187.jpg 1024w\" sizes=\"(max-width: 1920px) 100vw, 1920px\" \/><\/h2>\n<h2>Neue interactive exposition<\/h2>\n<p>Jakub Kr\u010d\u00edns Name kennt heute fast jedermann, haben Sie aber geahnt, dass es eben \u0160t\u011bp\u00e1nek Netolick\u00fd gewesen ist, der damit begonnen hat, die T\u0159ebo\u0148er Teichlandschaft auf geniale Art zu gestalten und an wessen Pl\u00e4ne dann der ber\u00fchmte Rosenberger Regent ankn\u00fcpfte? \u00a0Unsere st\u00e4ndige Exposition erm\u00f6glicht Ihnen, auf interessante Form sich nicht nur mit \u0160t\u011bp\u00e1nek Netolick\u00fd und seinem Werk bekannt zu machen, sondern Sie erfahren auch, wie die T\u0159ebo\u0148er Fischteiche entstanden sind, k\u00f6nnen einen Kurzfilm \u00fcber den Goldbach sehen oder die Messger\u00e4te ausprobieren, die einst beim Bau der Teiche benutzt worden sind. Auf dem kleinen Hof kann man dank des Goldbachmodells zum Wasserwirtschaftler werden und mittels kleiner Stauwerke Wasser in einzelne Teiche leiten.<\/p>\n<p><img loading=\"lazy\" class=\"img-responsive alignnone wp-image-102 size-full\" src=\"http:\/\/dumstepankanetolickeho.cz\/wp-content\/uploads\/2017\/09\/interaktivni.jpg\" alt=\"\" width=\"1920\" height=\"350\" srcset=\"https:\/\/www.dumstepankanetolickeho.cz\/wp-content\/uploads\/2017\/09\/interaktivni.jpg 1920w, https:\/\/www.dumstepankanetolickeho.cz\/wp-content\/uploads\/2017\/09\/interaktivni-300x55.jpg 300w, https:\/\/www.dumstepankanetolickeho.cz\/wp-content\/uploads\/2017\/09\/interaktivni-768x140.jpg 768w, https:\/\/www.dumstepankanetolickeho.cz\/wp-content\/uploads\/2017\/09\/interaktivni-1024x187.jpg 1024w\" sizes=\"(max-width: 1920px) 100vw, 1920px\" \/><\/p>\n","protected":false},"excerpt":{"rendered":"<p>\u0160t\u011bp\u00e1nek-Netolick\u00fd-Haus Das \u0160t\u011bp\u00e1nek-Netolick\u00fd-Haus befindet sich im historischen Stadtkern von T\u0159ebo\u0148 und z\u00e4hlt zu den au\u00dferordentlichen Beispielen der nicht nur in der Stadt, sondern in der gesamten Region erhalten gebliebenen Renaissance-Architektur. Im Laufe der Jahrhunderte wurden zahlreihe Ver\u00e4nderungen vorgenommen, seine Renaissance-Gestaltung erhielt dieses Haus in der ersten H\u00e4lfte des 16. Jahrhunderts, zur Zeit des Wirtschaftsaufschwungs, als [&hellip;]<\/p>\n","protected":false},"author":1,"featured_media":0,"parent":0,"menu_order":34,"comment_status":"closed","ping_status":"closed","template":"","meta":[],"yoast_head":"<!-- This site is optimized with the Yoast SEO plugin v15.5 - https:\/\/yoast.com\/wordpress\/plugins\/seo\/ -->\n<meta name=\"robots\" content=\"index, follow, max-snippet:-1, max-image-preview:large, max-video-preview:-1\" \/>\n<link rel=\"canonical\" href=\"https:\/\/www.dumstepankanetolickeho.cz\/de\/staendige-exposition\/\" \/>\n<meta property=\"og:locale\" content=\"de_DE\" \/>\n<meta property=\"og:type\" content=\"article\" \/>\n<meta property=\"og:title\" content=\"St\u00e4ndige Exposition | D\u016fm \u0160t\u011bp\u00e1nka Netolick\u00e9ho\" \/>\n<meta property=\"og:description\" content=\"\u0160t\u011bp\u00e1nek-Netolick\u00fd-Haus Das \u0160t\u011bp\u00e1nek-Netolick\u00fd-Haus befindet sich im historischen Stadtkern von T\u0159ebo\u0148 und z\u00e4hlt zu den au\u00dferordentlichen Beispielen der nicht nur in der Stadt, sondern in der gesamten Region erhalten gebliebenen Renaissance-Architektur. Im Laufe der Jahrhunderte wurden zahlreihe Ver\u00e4nderungen vorgenommen, seine Renaissance-Gestaltung erhielt dieses Haus in der ersten H\u00e4lfte des 16. Jahrhunderts, zur Zeit des Wirtschaftsaufschwungs, als [&hellip;]\" \/>\n<meta property=\"og:url\" content=\"https:\/\/www.dumstepankanetolickeho.cz\/de\/staendige-exposition\/\" \/>\n<meta property=\"og:site_name\" content=\"D\u016fm \u0160t\u011bp\u00e1nka Netolick\u00e9ho\" \/>\n<meta property=\"article:modified_time\" content=\"2020-12-15T15:49:43+00:00\" \/>\n<meta property=\"og:image\" content=\"http:\/\/dumstepankanetolickeho.cz\/wp-content\/uploads\/2017\/09\/dum-3.jpg\" \/>\n<meta name=\"twitter:card\" content=\"summary\" \/>\n<meta name=\"twitter:label1\" content=\"Gesch\u00e4tzte Lesezeit\">\n\t<meta name=\"twitter:data1\" content=\"2\u00a0Minuten\">\n<script type=\"application\/ld+json\" class=\"yoast-schema-graph\">{\"@context\":\"https:\/\/schema.org\",\"@graph\":[{\"@type\":\"WebSite\",\"@id\":\"https:\/\/www.dumstepankanetolickeho.cz\/#website\",\"url\":\"https:\/\/www.dumstepankanetolickeho.cz\/\",\"name\":\"D\\u016fm \\u0160t\\u011bp\\u00e1nka Netolick\\u00e9ho\",\"description\":\"Centrum T\\u0159ebo\\u0148sk\\u00e9ho rybn\\u00edk\\u00e1\\u0159sk\\u00e9ho d\\u011bdictv\\u00ed v dom\\u011b \\u0160t\\u011bp\\u00e1nka Netolick\\u00e9ho[:en]Dal\\u0161\\u00ed web pou\\u017e\\u00edvaj\\u00edc\\u00ed WordPress\",\"potentialAction\":[{\"@type\":\"SearchAction\",\"target\":\"https:\/\/www.dumstepankanetolickeho.cz\/?s={search_term_string}\",\"query-input\":\"required name=search_term_string\"}],\"inLanguage\":\"de\"},{\"@type\":\"ImageObject\",\"@id\":\"https:\/\/www.dumstepankanetolickeho.cz\/de\/staendige-exposition\/#primaryimage\",\"inLanguage\":\"de\",\"url\":\"http:\/\/dumstepankanetolickeho.cz\/wp-content\/uploads\/2017\/09\/dum-3.jpg\"},{\"@type\":\"WebPage\",\"@id\":\"https:\/\/www.dumstepankanetolickeho.cz\/de\/staendige-exposition\/#webpage\",\"url\":\"https:\/\/www.dumstepankanetolickeho.cz\/de\/staendige-exposition\/\",\"name\":\"St\\u00e4ndige Exposition | D\\u016fm \\u0160t\\u011bp\\u00e1nka Netolick\\u00e9ho\",\"isPartOf\":{\"@id\":\"https:\/\/www.dumstepankanetolickeho.cz\/#website\"},\"primaryImageOfPage\":{\"@id\":\"https:\/\/www.dumstepankanetolickeho.cz\/de\/staendige-exposition\/#primaryimage\"},\"datePublished\":\"2017-09-04T11:18:15+00:00\",\"dateModified\":\"2020-12-15T15:49:43+00:00\",\"inLanguage\":\"de\",\"potentialAction\":[{\"@type\":\"ReadAction\",\"target\":[\"https:\/\/www.dumstepankanetolickeho.cz\/de\/staendige-exposition\/\"]}]}]}<\/script>\n<!-- \/ Yoast SEO plugin. -->","_links":{"self":[{"href":"https:\/\/www.dumstepankanetolickeho.cz\/de\/wp-json\/wp\/v2\/pages\/2883"}],"collection":[{"href":"https:\/\/www.dumstepankanetolickeho.cz\/de\/wp-json\/wp\/v2\/pages"}],"about":[{"href":"https:\/\/www.dumstepankanetolickeho.cz\/de\/wp-json\/wp\/v2\/types\/page"}],"author":[{"embeddable":true,"href":"https:\/\/www.dumstepankanetolickeho.cz\/de\/wp-json\/wp\/v2\/users\/1"}],"replies":[{"embeddable":true,"href":"https:\/\/www.dumstepankanetolickeho.cz\/de\/wp-json\/wp\/v2\/comments?post=2883"}],"version-history":[{"count":2,"href":"https:\/\/www.dumstepankanetolickeho.cz\/de\/wp-json\/wp\/v2\/pages\/2883\/revisions"}],"predecessor-version":[{"id":2896,"href":"https:\/\/www.dumstepankanetolickeho.cz\/de\/wp-json\/wp\/v2\/pages\/2883\/revisions\/2896"}],"wp:attachment":[{"href":"https:\/\/www.dumstepankanetolickeho.cz\/de\/wp-json\/wp\/v2\/media?parent=2883"}],"curies":[{"name":"wp","href":"https:\/\/api.w.org\/{rel}","templated":true}]}}

Ständige Exposition

<h2><strong>Štěpánek-Netolický-Haus</strong></h2>
<p><iframe title="Dům Štěpánka Netolického v Třeboni" width="500" height="281" src="https://www.youtube.com/embed/a5lvbVSXCX4?feature=oembed" frameborder="0" allow="accelerometer; autoplay; clipboard-write; encrypted-media; gyroscope; picture-in-picture" allowfullscreen></iframe></p>
<p>Das Štěpánek-Netolický-Haus befindet sich im historischen Stadtkern von Třeboň und zählt zu den außerordentlichen Beispielen der nicht nur in der Stadt, sondern in der gesamten Region erhalten gebliebenen Renaissance-Architektur. Im Laufe der Jahrhunderte wurden zahlreihe Veränderungen vorgenommen, seine Renaissance-Gestaltung erhielt dieses Haus in der ersten Hälfte des 16. Jahrhunderts, zur Zeit des Wirtschaftsaufschwungs, als hier der bekannteste Besitzer &#8211; Štěpánek Netolický – wohnte.</p>
<p>2015 erlebte das Štěpánek-Netolický-Haus eine umfangreiche Rekonstruktion und dient heute als Sitz des Zentrums des Třeboňer Teich- und Fischereiwirtschaftserbes mit der der Teichwirtschaft und insbesondere der Persönlichkeit und dem Werk von Štěpánek Netolický gewidmeten ständigen interaktiven Exposition. Das Haus bietet auch einzigartige Galerieräume, hier werden Vorträge gehalten und finden Workshops und verschiedene Kulturveranstaltungen statt.</p>
<p><strong><img loading="lazy" class="img-responsive alignnone wp-image-109 size-full" src="http://dumstepankanetolickeho.cz/wp-content/uploads/2017/09/dum-3.jpg" alt="" width="1920" height="350" srcset="https://www.dumstepankanetolickeho.cz/wp-content/uploads/2017/09/dum-3.jpg 1920w, https://www.dumstepankanetolickeho.cz/wp-content/uploads/2017/09/dum-3-300x55.jpg 300w, https://www.dumstepankanetolickeho.cz/wp-content/uploads/2017/09/dum-3-768x140.jpg 768w, https://www.dumstepankanetolickeho.cz/wp-content/uploads/2017/09/dum-3-1024x187.jpg 1024w" sizes="(max-width: 1920px) 100vw, 1920px" /> </strong></p>
<h2>Štěpánek Netolický</h2>
<p>Der berühmte Fischteichbauer und Bauherr Štěpánek Netolický erwarb das Haus 1522 durch Eheschließung mit der Witwe des Třeboňer Schreibers Dorota Lukšová. Er war eine der beiden führenden Persönlichkeiten, die dank ihres großartigen Fischereiwerkes der Třeboňer Landschaft ihre charakteristische Gestalt verliehen haben. Štěpánek wurde im südböhmischen Netolice wahrscheinlich um 1460 als Sohn einer Untertanenfamilie geboren. Über seine Jugend und Bildung ist bis heute wenig bekannt, wir wissen jedoch, dass er bereits gegen Ende des 15. Jahrhunderts am Entstehen der goldenen Teichwirtschaftsära mitwirkte. Damals war Štěpánek bei der herrschenden Familie Rosenberg zu Diensten und hatte bereits erfolgreich die ersten Teiche angelegt. Und so ist es kaum verwunderlich, dass er recht bald zum „Fischmeister“ wurde – er kümmerte sich nicht nur um den Bau neuer Teiche, sondern auch um die Fischzucht.</p>
<p><img loading="lazy" class="img-responsive alignnone wp-image-103 size-full" src="http://dumstepankanetolickeho.cz/wp-content/uploads/2017/09/zlata-stoka.jpg" alt="" width="1920" height="350" srcset="https://www.dumstepankanetolickeho.cz/wp-content/uploads/2017/09/zlata-stoka.jpg 1920w, https://www.dumstepankanetolickeho.cz/wp-content/uploads/2017/09/zlata-stoka-300x55.jpg 300w, https://www.dumstepankanetolickeho.cz/wp-content/uploads/2017/09/zlata-stoka-768x140.jpg 768w, https://www.dumstepankanetolickeho.cz/wp-content/uploads/2017/09/zlata-stoka-1024x187.jpg 1024w" sizes="(max-width: 1920px) 100vw, 1920px" /></p>
<h2>Der geniale Goldbach</h2>
<p>Im Laufe seines Lebens gründete er sieben größere und mehr als vierzig kleinere Teiche. Sein bekanntestes Werk bleibt auch weiterhin der Goldbach, mit dessen Bau er Anfang des 16. Jahrhunderts begonnen hat. Dieser mehr als 45 km lange „Graben“ („strúha“ wie der Goldbach ursprünglich hieß), verbindet die Teiche des Třeboňer Systems und speist sie mit frischem Wasser. Der Goldbach beweist Štěpáneks Meisterhaftigkeit, denn das durchschnittliche Gefälle des Goldbachs beträgt etwa 33 cm pro Kilometer und ist an einigen Stellen sogar geringer als 10 cm pro Kilometer &#8211; dadurch kommt oft der Eindruck zustande, als würde das Wasser in die entgegengesetzte Richtung fließen.</p>
<h2><img loading="lazy" class="img-responsive alignnone wp-image-106 size-full" src="http://dumstepankanetolickeho.cz/wp-content/uploads/2017/09/stepanek-netolicky.jpg" alt="" width="1920" height="350" srcset="https://www.dumstepankanetolickeho.cz/wp-content/uploads/2017/09/stepanek-netolicky.jpg 1920w, https://www.dumstepankanetolickeho.cz/wp-content/uploads/2017/09/stepanek-netolicky-300x55.jpg 300w, https://www.dumstepankanetolickeho.cz/wp-content/uploads/2017/09/stepanek-netolicky-768x140.jpg 768w, https://www.dumstepankanetolickeho.cz/wp-content/uploads/2017/09/stepanek-netolicky-1024x187.jpg 1024w" sizes="(max-width: 1920px) 100vw, 1920px" /></h2>
<h2>Neue interactive exposition</h2>
<p>Jakub Krčíns Name kennt heute fast jedermann, haben Sie aber geahnt, dass es eben Štěpánek Netolický gewesen ist, der damit begonnen hat, die Třeboňer Teichlandschaft auf geniale Art zu gestalten und an wessen Pläne dann der berühmte Rosenberger Regent anknüpfte?  Unsere ständige Exposition ermöglicht Ihnen, auf interessante Form sich nicht nur mit Štěpánek Netolický und seinem Werk bekannt zu machen, sondern Sie erfahren auch, wie die Třeboňer Fischteiche entstanden sind, können einen Kurzfilm über den Goldbach sehen oder die Messgeräte ausprobieren, die einst beim Bau der Teiche benutzt worden sind. Auf dem kleinen Hof kann man dank des Goldbachmodells zum Wasserwirtschaftler werden und mittels kleiner Stauwerke Wasser in einzelne Teiche leiten.</p>
<p><img loading="lazy" class="img-responsive alignnone wp-image-102 size-full" src="http://dumstepankanetolickeho.cz/wp-content/uploads/2017/09/interaktivni.jpg" alt="" width="1920" height="350" srcset="https://www.dumstepankanetolickeho.cz/wp-content/uploads/2017/09/interaktivni.jpg 1920w, https://www.dumstepankanetolickeho.cz/wp-content/uploads/2017/09/interaktivni-300x55.jpg 300w, https://www.dumstepankanetolickeho.cz/wp-content/uploads/2017/09/interaktivni-768x140.jpg 768w, https://www.dumstepankanetolickeho.cz/wp-content/uploads/2017/09/interaktivni-1024x187.jpg 1024w" sizes="(max-width: 1920px) 100vw, 1920px" /></p>

<p>Štěpánek-Netolický-Haus Das Štěpánek-Netolický-Haus befindet sich im historischen Stadtkern von Třeboň und zählt zu den außerordentlichen Beispielen der nicht nur in der Stadt, sondern in der gesamten Region erhalten gebliebenen Renaissance-Architektur. Im Laufe der Jahrhunderte wurden zahlreihe Veränderungen vorgenommen, seine Renaissance-Gestaltung erhielt dieses Haus in der ersten Hälfte des 16. Jahrhunderts, zur Zeit des Wirtschaftsaufschwungs, als [&hellip;]</p>

<!-- This site is optimized with the Yoast SEO plugin v15.5 - https://yoast.com/wordpress/plugins/seo/ -->
<meta name="robots" content="index, follow, max-snippet:-1, max-image-preview:large, max-video-preview:-1" />
<link rel="canonical" href="https://www.dumstepankanetolickeho.cz/de/staendige-exposition/" />
<meta property="og:locale" content="de_DE" />
<meta property="og:type" content="article" />
<meta property="og:title" content="Ständige Exposition | Dům Štěpánka Netolického" />
<meta property="og:description" content="Štěpánek-Netolický-Haus Das Štěpánek-Netolický-Haus befindet sich im historischen Stadtkern von Třeboň und zählt zu den außerordentlichen Beispielen der nicht nur in der Stadt, sondern in der gesamten Region erhalten gebliebenen Renaissance-Architektur. Im Laufe der Jahrhunderte wurden zahlreihe Veränderungen vorgenommen, seine Renaissance-Gestaltung erhielt dieses Haus in der ersten Hälfte des 16. Jahrhunderts, zur Zeit des Wirtschaftsaufschwungs, als [&hellip;]" />
<meta property="og:url" content="https://www.dumstepankanetolickeho.cz/de/staendige-exposition/" />
<meta property="og:site_name" content="Dům Štěpánka Netolického" />
<meta property="article:modified_time" content="2020-12-15T15:49:43+00:00" />
<meta property="og:image" content="http://dumstepankanetolickeho.cz/wp-content/uploads/2017/09/dum-3.jpg" />
<meta name="twitter:card" content="summary" />
<meta name="twitter:label1" content="Geschätzte Lesezeit">
	<meta name="twitter:data1" content="2 Minuten">
<script type="application/ld+json" class="yoast-schema-graph">{"@context":"https://schema.org","@graph":[{"@type":"WebSite","@id":"https://www.dumstepankanetolickeho.cz/#website","url":"https://www.dumstepankanetolickeho.cz/","name":"D\u016fm \u0160t\u011bp\u00e1nka Netolick\u00e9ho","description":"Centrum T\u0159ebo\u0148sk\u00e9ho rybn\u00edk\u00e1\u0159sk\u00e9ho d\u011bdictv\u00ed v dom\u011b \u0160t\u011bp\u00e1nka Netolick\u00e9ho[:en]Dal\u0161\u00ed web pou\u017e\u00edvaj\u00edc\u00ed WordPress","potentialAction":[{"@type":"SearchAction","target":"https://www.dumstepankanetolickeho.cz/?s={search_term_string}","query-input":"required name=search_term_string"}],"inLanguage":"de"},{"@type":"ImageObject","@id":"https://www.dumstepankanetolickeho.cz/de/staendige-exposition/#primaryimage","inLanguage":"de","url":"http://dumstepankanetolickeho.cz/wp-content/uploads/2017/09/dum-3.jpg"},{"@type":"WebPage","@id":"https://www.dumstepankanetolickeho.cz/de/staendige-exposition/#webpage","url":"https://www.dumstepankanetolickeho.cz/de/staendige-exposition/","name":"St\u00e4ndige Exposition | D\u016fm \u0160t\u011bp\u00e1nka Netolick\u00e9ho","isPartOf":{"@id":"https://www.dumstepankanetolickeho.cz/#website"},"primaryImageOfPage":{"@id":"https://www.dumstepankanetolickeho.cz/de/staendige-exposition/#primaryimage"},"datePublished":"2017-09-04T11:18:15+00:00","dateModified":"2020-12-15T15:49:43+00:00","inLanguage":"de","potentialAction":[{"@type":"ReadAction","target":["https://www.dumstepankanetolickeho.cz/de/staendige-exposition/"]}]}]}</script>
<!-- / Yoast SEO plugin. -->
